*m + 13 + 9 = 0, -5*i - 4 = 2*m. Let t(h) = -2*h**3 - 3*h**2 + h + 2. List the prime factors of t(i).
2
Let t(x) = -22*x + 19. List the prime factors of t(-4).
107
Let r(b) be the first derivative of -1/2*b**2 + 0*b - 1. List the prime factors of r(-2).
2
Suppose -4*h - 4*w = -0*h + 20, -5 = h + 4*w. What are the prime factors of (-3)/5 - 33/h?
2, 3
Let o = -24 + 54. Suppose -o = -2*v - 4. What are the prime factors of v?
13
Let i(f) = -f - 6. Let j be i(-10). Suppose j*z = z + 6. What are the prime factors of z?
2
Let o(m) = 5*m - 5. Let c be o(6). Suppose -2*v = -v - c. Suppose -l - 9 = -v. List the prime factors of l.
2
Let r(d) = 2*d**2 + d - 6*d**2 + 9*d**3 + 3 - 8*d**3. What are the prime factors of r(4)?
7
Suppose -5*o = 4*p - 357, 2*p + o + 4*o = 191. Let d = -34 + p. List the prime factors of d.
7
Suppose 441 - 1152 = -3*t. List the prime factors of t.
3, 79
Suppose z - 1 = 2*f, 8*z - 5 = 3*z - 4*f. Let n(a) = -2*a + z + a + 3*a - a. List the prime factors of n(1).
2
Suppose 0*o - 64 = -4*o. What are the prime factors of (-4 + 6)*o - 1?
31
Suppose -5*t + 0*z = -2*z - 261, 3 = -z. Suppose t = 3*f + 6. What are the prime factors of f?
3, 5
Suppose -3*a - 3*v - 3 = -5*v, -3*a - 3*v - 3 = 0. Let g be a + (-2 - 4*-1). What are the prime factors of g*1*(-1 - -7)?
2, 3
Let b(k) = 5*k**2 - 5*k - 3. List the prime factors of b(-4).
97
List the prime factors of (210/(-56))/(2/(-32)).
2, 3, 5
Suppose 0*j - 14 = -j. Let m = j - 8. List the prime factors of m.
2, 3
Suppose -16 = l - 47. Suppose -5*h + 9 = 3*w - 14, -l = -3*w - h. List the prime factors of w.
11
Suppose -2*i - 20 = 2*i, 5*p - 5*i = 550. What are the prime factors of p?
3, 5, 7
What are the prime factors of (-2)/(-6)*-1*-123?
41
Let y = -23 - -65. Suppose -y = -5*d + 3. What are the prime factors of 3/((d/(-8))/(-3))?
2
Suppose 17 = 3*y + 4*z + 3, -z = -5*y + 8. Suppose -y*n = -n - 3. Suppose 0*f = n*f + 12, -f = -t + 17. List the prime factors of t.
13
Suppose u - 16 - 19 = 0. What are the prime factors of u?
5, 7
Let s = 80 + -8. Suppose 0 = 3*y - 0*y - s. What are the prime factors of y?
2, 3
Let d(u) = -u**2 + 9*u. Let k be d(8). Suppose 0 = j - k - 8. What are the prime factors of j?
2
Suppose -w = -3*w + 30. Let q = -10 + w. Suppose -k = -q, 5*p + 3*k - 35 = -k. List the prime factors of p.
3
Suppose -7*b + 1082 = -31. List the prime factors of b.
3, 53
Let c(l) = -11*l**3 - 2*l**2 + 1. Let i be c(-1). List the prime factors of (2 - -8)/(i + -9).
2, 5
Suppose j - 60 = -2*b + 32, 2*j = 2*b - 104. Suppose 14*z - 11*z = b. What are the prime factors of z?
2
What are the prime factors of (120/(-45))/((-2)/60)?
2, 5
Suppose 5 = -j - 7. Let z = j - -18. What are the prime factors of z?
2, 3
Suppose 36 = 4*l + 4*x, 2*l - 4*x + 3 = -3. Let t = 5 - l. Suppose 0*m - 2*m - 3*n + 18 = t, -5*m = -3*n - 87. List the prime factors of m.
3, 5
Suppose -8 + 26 = 3*i. What are the prime factors of i?
2, 3
Suppose -2*v + 44 = 2*i, v - 6 = -3*i - 2*i. What are the prime factors of v?
2, 13
Suppose -4*x + 3*z = -23, -4*x + z = -0*x - 21. Let a = 12 - x. List the prime factors of a.
7
Let r be (-3)/(-1 - (-20)/8). Let z = 13 + r. What are the prime factors of z?
11
Let w = 51 + -29. Suppose 5*h - w - 48 = 0. What are the prime factors of h?
2, 7
Let u be ((20/15)/((-2)/(-6)))/(-1). Let c be ((-5)/2)/((-2)/16). List the prime factors of u/2 + c/2.
2
Suppose -3*f = -4 - 2. Let x = f + 1. Suppose -n = -j + 2*n + x, -3*j + 4*n + 14 = 0. What are the prime factors of j?
2, 3
Suppose -2*x - 8 = -s, 4*x - 3 = -15. What are the prime factors of (8 - 9)/(s/(-22))?
11
Suppose 0 = 2*t + 5*a - 14, -a = t - 2*a. Let q(p) = 0*p + p**3 + 5*p**t - p + 4 - p**2 - 2*p. What are the prime factors of q(-4)?
2
Suppose -n + 59 = -225. What are the prime factors of n?
2, 71
Suppose 296 = 4*f + 2*m, 2*f + 148 = 4*f - 2*m. What are the prime factors of f?
2, 37
Let p(v) = -3*v + 2*v**2 + 0*v**2 + 3 + 0*v**2. List the prime factors of p(3).
2, 3
Suppose 125 = -2*u + 511. What are the prime factors of u?
193
Suppose 5*u + 43 = -172. Let s = u + 72. List the prime factors of s.
29
Let n = 95 + 53. List the prime factors of n.
2, 37
Let p(g) be the first derivative of -1 + 3*g**2 + 2*g + 1/3*g**3. List the prime factors of p(-7).
3
Let d be (-2)/(-1 + 5)*0. Suppose -l = -d + 6. Let a = l + 17. What are the prime factors of a?
11
Suppose -u + 32 + 28 = 0. Suppose -17 - 11 = -4*p + 3*n, -5*n = 4*p - u. List the prime factors of (-2)/(-4)*p*2.
2, 5
Suppose 3*x - 3*w - 33 = 0, 4*x - 43 = -2*w + 7*w. What are the prime factors of ((-4)/2)/(x/(-18))?
3
Suppose 0 = -3*p + 11 - 2. List the prime factors of 44*(-3)/(-18)*p.
2, 11
Suppose -5*b - r + 5 = -4*b, 2*r - 10 = -3*b. Suppose 3*l + 3*o - 3 = 0, b*o + 5*o = 3*l - 35. List the prime factors of l.
5
Let s(q) be the second derivative of -q**3/3 + q**2/2 - q. Let w = -3 - 2. List the prime factors of s(w).
11
Let o(w) = 25*w**2 + 1. Let y = -2 + 3. List the prime factors of o(y).
2, 13
Let v = -6 + -85. Let k = -58 - v. What are the prime factors of k?
3, 11
What are the prime factors of (16/(-24))/((-4)/114)?
19
Let r(o) = -2*o**3 + 5*o**2 - 5*o + 1. List the prime factors of r(-4).
229
Let w(s) = -s**2 + 26*s - 17. What are the prime factors of w(19)?
2, 29
Suppose 5*m = l + 60, -3*m + 32 = -l - 4. Let g = -9 + m. List the prime factors of g.
3
Let q = -48 - -33. What are the prime factors of 6/4*(-340)/q?
2, 17
Suppose -13 = 3*x - 4*b + 13, x = -2*b - 2. Let j = -3 - x. List the prime factors of j.
3
Let m(d) = d**3 - d - 9. Let z be m(0). Let w(i) = -i**2 + 11*i - 5. Let f be w(9). Let k = f + z. What are the prime factors of k?
2
Let o(l) = l**2 + 5. Let h be o(0). Let r be (h - (2 - 0))*-1. Let i = 3 - r. What are the prime factors of i?
2, 3
Let h = 1 - 2. Let s be h/(-1 + 0 + 0). What are the prime factors of 2 + (s - 0) + 10?
13
Suppose 0 = -4*l, -r + 3*l = -2*l - 1. Let t(k) = -23*k**3 + k**2. Let c be t(r). Let j = -13 - c. What are the prime factors of j?
3
Let y(n) = 29*n**3 - 3*n**2 + 5*n + 1. List the prime factors of y(2).
3, 7, 11
Let a(u) be the first derivative of -u**2 - 2*u + 3. List the prime factors of a(-4).
2, 3
Let q = -23 + 41. Suppose 3*p + 0*p - 6 = 0. Suppose 0*g + p*g - q = 0. List the prime factors of g.
3
Let i(t) = -t**3 - t + 2*t - 7*t**2 - t + 6 - t. What are the prime factors of i(-7)?
13
Let b = 22 + -34. Let g be 17/4 + 3/b. Suppose 3*o + 3*c = 26 + 19, -2*o + 12 = -g*c. List the prime factors of o.
2, 3
Let t = 750 - 419. List the prime factors of t.
331
Suppose 0 = -4*i + 7*i - 141. What are the prime factors of i?
47
Let s be (-3 - 1)*2/(-8). Let c = s - -2. Suppose -2*w + 25 = 3*w - 5*v, -3 = w + c*v. List the prime factors of w.
3
Let v(m) = -2*m**3 - 10*m**2 - 9*m - 4. List the prime factors of v(-6).
2, 61
Suppose 3*a - 3*b + 228 = 6*a, -a + 92 = -3*b. List the prime factors of a.
2, 5
Let r = -59 - -94. Suppose 0 = 4*i + 5*y - 11 - r, 3*y = -5*i + 64. List the prime factors of i.
2, 7
Let o = -149 + 212. List the prime factors of o.
3, 7
Let w(v) = 18*v**2 - 8*v - 10. List the prime factors of w(-4).
2, 5, 31
Suppose 0 = -2*a + 56. What are the prime factors of a?
2, 7
Let n be (-1)/(-1) - 2*-2. Suppose -2*a - 4*i + 115 = a, 188 = n*a + 3*i. What are the prime factors of a?
37
Suppose 0*o = 3*o - 6. Suppose -o*j + 23 = -1. What are the prime factors of j?
2, 3
Let t = -1 - 1. Let o(y) = -3*y - 2. Let x be o(t). Suppose 2*f = -2*a - 0*a + 20, -x*f = -2*a - 46. What are the prime factors of f?
11
List the prime factors of (-1078)/(-8) + (-6)/(-24).
3, 5
Let i = 106 + -83. What are the prime factors of i?
23
What are the prime factors of (-735)/(-28) + 1/(-4)?
2, 13
Let o(a) = -a**3 + 26*a**2 - 13*a - 27. List the prime factors of o(25).
3, 7, 13
Suppose -2*w + o = -18 - 19, -3*w = -o - 55. List the prime factors of w.
2, 3
Let u(q) = -3*q + 1. Let d be u(-2). Let i(w) = 4*w**2 + 11*w - 5. Let m(y) = 3*y**2 + 7*y - 3. Let h(c) = -5*i(c) + 7*m(c). List the prime factors of h(d).
11
Let x(i) = i + 19. List the prime factors of x(0).
19
Suppose 3 = -4*w + 5*d - 1, 4*w + 5*d = 36. Suppose -3*y = -w*y + 16. Suppose 0 = 2*m - y - 6. List the prime factors of m.
11
Suppose 0 = 5*t - 661 + 236. What are the prime factors of t?
5, 17
Suppose 2*s